 (-66138)/((2/4)/(6/(-48)*4))?
2, 3, 73, 151
Let v = -1 + -9. Let r(q) = 5*q**2 + 27*q - 3. Let t(x) = x**2 + 5*x - 2. Let w(l) = -2*r(l) + 11*t(l). List the prime factors of w(v).
2, 37
Let r(w) = 15*w**2 - 21*w - 33. List the prime factors of r(-14).
3, 11, 97
Suppose 314*q + 6 = 316*q. Suppose -716 = -2*d + f, -q*d - 3*f = -7*f - 1069. List the prime factors of d.
359
Let r be ((-22)/55)/((-2)/(-5)). What are the prime factors of 1756 + r/(4/(-36))?
5, 353
Let l be (45/30)/(-3 + (-99)/(-30)). Suppose 6*p = b + 3*p + 22, 2*b = 2*p - 28. What are the prime factors of 70 - l/b*(1 - 3)?
3, 23
Suppose 2*h + 12 = 0, -h = 4*o - 45536 + 7766. What are the prime factors of o?
2, 3, 787
Let y be 18*7/14*-2. Let g = y - -113. What are the prime factors of g?
5, 19
Let g = -16521 + 25691. List the prime factors of g.
2, 5, 7, 131
Let m = 14092 + -8336. Suppose 7*g - 2294 - m = 0. List the prime factors of g.
2, 5, 23
Suppose 194833 - 272679 - 312622 = -52*i. List the prime factors of i.
3, 2503
Let o = 129 + -236. Let n be -1*3858/24 - 2/8. Let w = o - n. List the prime factors of w.
2, 3
Let r(m) = -10*m**3 - 26*m**2 - 27*m + 6. List the prime factors of r(-10).
2, 19, 101
Let u = 38 + -34. Let a(m) = -4*m**2 - 23*m - 11. Let v(h) = -2*h**2 - 11*h - 5. Let r(c) = u*a(c) - 9*v(c). List the prime factors of r(-8).
73
Suppose -2*d + 18814 = w - 67392, 0 = 2*d + 5*w - 86230. List the prime factors of d.
2, 5, 431
Suppose -27*r + 22*r = 245. Let w = r + 45. What are the prime factors of (-2756)/(-16) + 1/w?
2, 43
Suppose -z - r + 6959 = 0, -4*z + 6914 = 2*r - 20938. List the prime factors of z.
6967
Suppose -5*o + 1882 = -333. Let c = 74 + o. List the prime factors of c.
11, 47
Let y = 385 - -2074. What are the prime factors of y?
2459
Let k be 1397 + (-2 - -8) - (1 - -2). Let q be 8/(-6) - k/(-60). Suppose -9*u + 7*u - 3*x = -11, 4*x + q = u. What are the prime factors of u?
2, 5
Suppose -r + 6 = 0, 5*j + 20*r = 2*r + 42808. What are the prime factors of j?
2, 5, 7, 61
Let w = 16 + 19. Let d be (6/(-10))/((-7)/w). Suppose -d*i - 400 = -8*i. What are the prime factors of i?
2, 5
Let v be (-96 + -20)*(-1)/1. Suppose 0 = -2*k - 5*t + 88, -2*k + 4*k + 2*t - 94 = 0. Let s = v - k. What are the prime factors of s?
67
Let c = 432 + -37. Let l = 1357 - c. What are the prime factors of l?
2, 13, 37
Let z be ((-1393)/21)/(4/24). Let n = 669 + z. List the prime factors of n.
271
Let l = -2 - -1. Let y be ((-3350)/200)/((-4)/(-272)). What are the prime factors of (0 - l)/((-17)/y)?
67
Let j = -10 + 13. Suppose -v - 2*d = 3*d + 197, j*d = -12. What are the prime factors of (-1)/(3/v*1)?
59
Suppose 0 = 7*n - 0*n - 24206. Suppose 5*o - n = -11993. What are the prime factors of 4/(-14) + o/(-21) + 5?
2, 43
Let k = -6913 - -10517. What are the prime factors of k?
2, 17, 53
Let c(h) = 36*h + 11. Let p be c(2). Let a = 203 - p. What are the prime factors of a?
2, 3, 5
Let j(w) be the first derivative of -69*w**2/2 - 5*w + 21. What are the prime factors of j(-10)?
5, 137
Let k(s) = 4528*s + 130. List the prime factors of k(4).
2, 7, 1303
Suppose 3*r - 3 = -0*r - 3*a, -10 = -2*a. Let s(y) = 2*y + 8. Let w be s(r). What are the prime factors of (-21)/(-7) + w - 334/(-2)?
2, 5, 17
Let a(o) = -o**2 + 6*o - 3. Let d be a(2). Suppose -17 = 2*w - 5*v, -3*w - 2 = 2*v - d. What are the prime factors of (-3)/w*(-1694)/(-66)?
7, 11
Let r = 23 - -20. Let b = 93 - r. Let w = b + -39. List the prime factors of w.
11
Suppose -6 - 114 = -8*i. Let z be 8463/i + (1 - 6/5). Suppose 5*n - n - z = 0. List the prime factors of n.
3, 47
Suppose 3*n = -11050 + 167443. What are the prime factors of n?
3, 17377
Suppose -91392 = 5*l - 17*l. List the prime factors of l.
2, 7, 17
Let z(i) = 90*i**2 + 71*i - 87. List the prime factors of z(-8).
5, 1021
Suppose 40105 = 3*n + 10*h - 12*h, 3*h = -4*n + 53462. List the prime factors of n.
13367
Suppose 0 = z + z. Suppose 2080 = -4*q + 2508. Suppose z = -2*b - q + 373. List the prime factors of b.
7, 19
Suppose 27*b + 2*i = 30*b - 134086, -3*b + 3*i = -134088. List the prime factors of b.
2, 3, 13, 191
Let r(y) = 69*y**2 - 64*y + 2385. What are the prime factors of r(23)?
2, 13, 1439
Let x be 2 + (-24)/14 - (-624)/21. Suppose 2*y + x = y. List the prime factors of (100/6)/(-2*2/y).
5
Suppose 5*n - 15*x = -19*x + 17294, x = -n + 3459. What are the prime factors of n?
2, 7, 13, 19
Let c = -192 + 202. Suppose -c*t + 1371 = -969. List the prime factors of t.
2, 3, 13
Let g be (1/3)/((-7)/5607). Let h = g + -504. List the prime factors of (-2)/(h/153 + 5).
3, 17
Let i(h) = -h**3 - 21*h**2 - 8*h + 25. Let z = -47 + 25. List the prime factors of i(z).
5, 137
List the prime factors of 187170/60 + 21/6 + -2.
3121
Let b(u) = -7*u - 11. Let h be b(-3). List the prime factors of (-6)/h + -8 + 1491/35.
2, 17
Let z(g) be the first derivative of -g**4/4 + 22*g**3/3 + 7*g**2/2 + 49*g - 75. What are the prime factors of z(19)?
5, 11, 23
Suppose -4*o + 14*o - 10220 = 0. Suppose -1302 = -14*h + o. What are the prime factors of h?
2, 83
Suppose 0 = 3*n - 9*n. Suppose 5*y + 5*d - 5 = 0, -4*d = -5*y - n*d + 32. Suppose 1120 = y*w + 10*w. List the prime factors of w.
2, 5
Let t be (0 - -1)/(9/27). Suppose 117 = -t*g + 6*g. Let l = 38 + g. List the prime factors of l.
7, 11
Let p(z) = -z**3 - 12*z**2 + 25*z - 36. Let u be p(-14). What are the prime factors of (4/u)/(-4*(-1)/6810)?
5, 227
Let y(x) = -x**3 + 7*x**2 + 9. Let h be y(7). Suppose 1060 = h*g - 155. What are the prime factors of g?
3, 5
Suppose -16*u - 20*u - 6*u = -539910. List the prime factors of u.
3, 5, 857
Let i(y) = 23*y + 280. Let o be 4 - 20*2/(-4). What are the prime factors of i(o)?
2, 7, 43
Let t(c) = c**2 - 14*c - 107. Let k be t(20). Suppose -k*l = -1429 + 12. List the prime factors of l.
109
Suppose -16*w + 10*w + 24 = 0. What are the prime factors of (-918)/(-3) + w + (0 - 1)?
3, 103
What are the prime factors of 12664*-1*(297/36 + -9)?
2, 3, 1583
Let v = -398 + 7092. What are the prime factors of v?
2, 3347
Let a be (-882)/(((-2)/25)/((-84)/(-315))). Suppose -o - a = 9*o. What are the prime factors of -4*(-2)/((-16)/o)?
3, 7
Let k = -309 - -314. Suppose -5235 = -3*l - k*w, 0*l + 3*w = 2*l - 3509. List the prime factors of l.
2, 5, 7
Let g(q) = -29*q + q - 18*q + 29. Let l be g(-3). Let b = l - 97. List the prime factors of b.
2, 5, 7
Let q = -8091 + 14003. List the prime factors of q.
2, 739
Suppose -3*l + 588 = -324. Let p = 156 - l. Let m = p + 227. What are the prime factors of m?
79
Let v(d) = 557*d**2 + 65*d - 376. What are the prime factors of v(5)?
2, 7, 991
Let f(n) = -560*n + 594. List the prime factors of f(-16).
2, 17, 281
Suppose -4*m = -943 + 935. Let l(r) = r**3 + 4*r**2 - 5*r + 4. Let z be l(-5). Suppose m*a - 396 = -z*a. List the prime factors of a.
2, 3, 11
Let d be (-30)/(-8) - ((-100)/5)/80. Let s(v) be the third derivative of 5*v**4/24 - v**3/2 + v**2. What are the prime factors of s(d)?
17
Let c be 5/(-5) + 5 + 20 + 2. What are the prime factors of (-320)/(-2080) - (0 - 14764/c)?
2, 71
Suppose -20*s + 18*s + 5*p = -33, 2*p = s - 14. Suppose -3*j - 5*m = -0*j - 2405, 0 = -2*m - s. What are the prime factors of j?
5, 7, 23
Suppose 27*q - 10*q - 68 = 0. Suppose 2515 = z + q*z. List the prime factors of z.
503
Suppose -4*w - 4*v + 28 = 0, -4*w + 18 = 6*v - 7*v. Suppose 13*a - 203 = 10*a + w*x, -2*x - 138 = -2*a. What are the prime factors of a?
71
Let x be ((-992)/93)/((-4)/66). Let t = -163 + x. List the prime factors of t.
13
Let y(o) = o**3 - 8*o**2 - 7*o + 180. Let s be y(12). Suppose 667*q + 7465 = s*q. What are the prime factors of q?
1493
Suppose 18*g = -4*u + 16*g - 1726, -1730 = 4*u - 2*g. Let k = 1015 + u. List the prime factors of k.
11, 53
Suppose 19 = -2*n + 5. Let u be (-116)/28 + 4 + 244/n. Let l = 58 + u. What are the prime factors of l?
23
Suppose 3*k = 3*u - 9, -43*k = u - 41*k. Let d = -34 - -23. List the prime factors of 2568/88 + u/d.
29
Let o = 64 + -67. Let q be ((-4)/o - 3848/(-12))*2. Suppose 4*y = -4*b + 520, -5*b - y - y = -q. List the prime factors of b.
2
Let l = 980 + 23984. List the prime factors of l.
2, 79
Let a(k) = -7*k + 9*k**2 + 17 + k**3 + 13*k**2 + 9*k**2 - 25*k**2. Let m be a(-7). Let y(g) = 4*g + 37. List the prime factors of y(m).
3, 5, 7
Let l